 1 + 3*p**q - 4*p**2. What is s(1)?
-5
Let k(f) = 8*f**2 + f. Suppose -4*l + 18 = 3*s - 28, 2*l = 5*s + 10. Let b = l + -9. Suppose -3*w + 4*w + b = 0. Calculate k(w).
7
Let b(r) = r**3 - r - 10. Let m = -29 + 18. Let a(q) = -q + 3*q**2 - 4*q**2 + 2*q**3 + 3 - 22. Let g(k) = m*b(k) + 6*a(k). Determine g(5).
-4
Let b be 84/(-12) + -8 + 6. Let f(m) = m**3 + 8*m**2 - 7*m + 12. Give f(b).
-6
Let y(a) = -943*a + 475*a + 0*a**2 - 3 + 2*a**3 - a**2 + 0*a**2 + 472*a. Give y(2).
17
Let w = -63 + 65. Let y be (-28)/(-5) + 2/5. Let q(u) = u**3 - u**2 - 9*u + 3. Let z(l) = -l. Let n(o) = y*z(o) - q(o). Calculate n(w).
-1
Let f(i) = -i**3 - 9*i**2 + 11*i + 10. Let m be 1452/48 - (-1)/(-4). Suppose 0 = -24*b + 21*b - m. Determine f(b).
0
Let v(k) = k**3 + 4*k**2 + 3*k + 6. Suppose -i + a = i - 23, i - 17 = -5*a. Let f = i + -8. Let z = f - 8. Calculate v(z).
-6
Suppose -z + 5*q = -5*z + 88, 3*z - 101 = 5*q. Suppose 4*a - 13 = -1, 3*r = -3*a + z. Let d be 4*(0 + r/8). Let x(l) = 3*l + 2. Calculate x(d).
11
Let q(f) = -6*f - f - 22 + 11*f - 6*f. Determine q(-8).
-6
Let d(z) = -2*z**2 + z**2 - z + 0*z. Let i(y) = y - 5. Suppose 2*v - g = 2, 0 = -5*v + g + g + 5. Let s(m) = v*i(m) + d(m). Calculate s(0).
-5
Let f(v) = v**2 + v + 1. Let q(g) = g**2 + 1. Let t(i) = 2*f(i) - 3*q(i). Let w be -2 + 0 + 0 - -4. Determine t(w).
-1
Let r(j) = -2*j**2 + 96 + j - 93 - 2*j**2 + j**3 - 4*j. Calculate r(4).
-9
Let y = 6 - -1. Let t(d) = -d + 10. Let x(o) = -3*o + 40. Let i(k) = -9*t(k) + 2*x(k). Give i(y).
11
Let t = 981 + -972. Let c(w) = 2*w**2 - 12*w - 5. Calculate c(t).
49
Let s(o) = 8*o - 186 - 2*o**2 - o**3 + 177 + 8*o**2. Determine s(7).
-2
Suppose 0 = -13*y + 11*y + 16. Let r(m) = -y + 36 + m - 15 - 16 - 3*m**2 + m**3. What is r(3)?
0
Let j(l) be the second derivative of 0 + 5/2*l**2 - 1/6*l**3 + 12*l - 1/20*l**5 + 0*l**4. What is j(0)?
5
Let c(t) be the first derivative of -t**2 - 22*t - 715. Calculate c(16).
-54
Let b(w) = w**3 + 5*w**2 - w - 9. Let v be b(-5). Let n be (60/v)/3*-1. Let c(y) be the second derivative of y**3/6 - y**2/2 - y. What is c(n)?
4
Let v(z) be the second derivative of z**3/3 - 5*z**2/2 - 62*z. Determine v(10).
15
Let d(w) = -2*w. Let f be (1 + 10/(-2))*-2. Let k be -4*(-6)/f - 3. Suppose k*g - 4*g = -16. What is d(g)?
-8
Let i(b) = 33*b - 2 - 81*b + 46*b + 0 + 5. Give i(-3).
9
Suppose h - 7*n + 10 = -3*n, 2*h + 5 = 3*n. Let z = 15 + -10. Let v(u) = 49 - 49 - z*u. Determine v(h).
-10
Let c(t) = -t**2 + 5*t + 8. Let r be c(6). Suppose -m = r - 1. Let s(n) be the first derivative of 3*n**3 - n**2/2 - n + 52. Determine s(m).
9
Let q be -2 + (-2 - 4)/(-2). Let t(b) = 6*b**2 - q + 0 + b + b**3 - 4. Let y = -516 + 510. Calculate t(y).
-11
Suppose 5 = -3*c + 8. Let f = c + -1. Let q = f + 2. Let z(o) = -2*o**2 + 2*o - 2. Calculate z(q).
-6
Let h(d) = 5*d**2 - 3*d + 2. Let k be h(1). Let n be (2 - -3)*(-4)/(-10). Let p(y) = 3 - 3*y - y - k*y**n + 3*y + y**3. Calculate p(4).
-1
Let y(f) = f - 6. Suppose -n = 3*d - 25, 2*n + 13*d = 18*d + 6. Give y(n).
7
Suppose 3*s + 4 = -20. Let i be 14*(-4)/s*-1. Let q(t) = -t**2 - 5*t + 7. Calculate q(i).
-7
Let z(k) be the second derivative of -k**3/6 - k**2/2 - 4*k. Let d(x) = -7*x + 2. Let g(v) = -d(v) - 2*z(v). What is g(-1)?
-9
Let v be 18/2*(-1)/1. Let r(d) = d**3 + 8*d**2 - 10*d - 12. Give r(v).
-3
Suppose -4*j + 8 + 0 = 0. Let x(l) = -29*l**2 + 3*l + 0 - 2 + 28*l**j. Calculate x(3).
-2
Let n(y) = -y - 3. Let z(w) = 1. Let d(l) = n(l) - 3*z(l). What is d(-10)?
4
Let n be 136/12 - 2/(-3). Suppose 2*h = -h - n. Let p(y) = -y**3 - 6*y**2 - 3*y + 1. What is p(h)?
-19
Let q(z) be the first derivative of z**4/4 - z**2/2 + 12*z - 1. Let b(a) be the first derivative of q(a). Determine b(2).
11
Let b(v) be the first derivative of -v**6/120 + v**5/30 - v**4/24 - v**3/6 - 7*v**2 + 25. Let m(q) be the second derivative of b(q). What is m(3)?
-13
Suppose 0 = 2*l - 6 + 4. Let c be (-16)/(-6) - l/(-3). Let r(b) = -b - 3. Determine r(c).
-6
Let n(a) = -a**3 + 4*a**2 - 3*a + 7. Suppose u = -3*q + 8, 20 = u + 2*u + 5*q. Determine n(u).
-33
Let r(j) = 1. Let p(a) = -a + 2. Let z(s) = -3*p(s) + 2*r(s). Let k = 5 - -3. Let q(m) = m - 5. Let b be q(k). Calculate z(b).
5
Let y(f) = -2*f**2 - 1. Let q(n) = n**2 - 3*n. Let o be q(4). Suppose 0 = -x + t + 7, o*t + t = -2*x - 21. Give y(x).
-9
Let b(s) = -2 + 2*s - 7 + 4 + 7 - 5*s. Calculate b(4).
-10
Let m(p) = -2 + p**2 - 1 + 11 - 11*p - 6. Let c(k) = 2*k**2 + 4*k - 37. Let b be c(4). What is m(b)?
2
Let g(n) = n**2 - 10*n + 9. Let j(d) = 7*d + 3*d + 1032 - 1103. Let u be j(8). What is g(u)?
0
Let m(c) = -16*c**2 - 16*c + 2. Let w(v) = 4*v + 70. Let x be w(-17). Let g(q) = -5*q**2 - 5*q. Let d(j) = x*m(j) - 7*g(j). Determine d(-3).
22
Let u(m) = -m**2 + m + 1. Let a(v) = -v**2 + 18*v + 9. Let d(c) = -a(c) + 3*u(c). Let b(w) = w**2 + 8*w + 3. Let o(p) = 5*b(p) + 3*d(p). What is o(-4)?
1
Suppose 23 - 24 = -v. Let c(s) = 28*s**2 - 19*s**2 + 19*s**2 - v. What is c(-1)?
27
Let f(p) = 1. Let k(b) = -4*b - 20. Let j(w) = -16*f(w) - k(w). Let o(u) = 2*u + 2. Let m be o(-3). Determine j(m).
-12
Let w(j) = 5*j**3 + 3*j**2 + 6*j + 2. Let l(c) = 4*c**3 + 2*c**2 + 5*c + 2. Let d(v) = -6*l(v) + 5*w(v). Give d(-3).
-2
Let v(s) = s**2 - 10*s + 8. Let x be (-2 - -11)/1*1. Calculate v(x).
-1
Let b be -5 - (10 - 10) - (-1 - 13). Let a(p) = -p**2 + 9*p + 8. Calculate a(b).
8
Let s(m) = 2*m + 23. Let v be (-5 - 72/(-16))/((-4)/(-104)). Calculate s(v).
-3
Let j = -2 - 0. Let p = -15 + 185. Let u(g) = -g**3 + 3 + g - p*g**2 + 171*g**2 - 4. Determine u(j).
9
Let x(c) be the second derivative of c**5/20 - c**4/6 - 5*c**3/2 - 2*c + 1. Calculate x(5).
0
Let w(g) be the third derivative of g**6/120 + g**5/10 - 3*g**4/8 + 7*g**3/6 + 273*g**2. Give w(-7).
21
Let f(p) = -p - 2. Suppose 5*t + 8 = h + 3*h, 5*t - 10 = -5*h. Suppose -o = -h*o - 2*o. Calculate f(o).
-2
Let n(h) = -24*h + 48 + 29*h - 31. Give n(-3).
2
Suppose 4*f - 4 = -0. Suppose -f = -2*o + 1. Let d(x) = 3*x**2 - 3*x**2 - 1 - 5*x**3. Calculate d(o).
-6
Let w = 661 + -661. Let d(a) be the second derivative of a**6/120 - a**5/60 + 5*a**3/6 - a**2/2 + a. Let z(b) be the first derivative of d(b). What is z(w)?
5
Let d(z) = -9*z + 6. Let l = -39 + 40. Let t(i) = -i + 1. Let b(f) = l*d(f) - 5*t(f). Determine b(-2).
9
Let b(h) = 5*h**3 + 22*h**2 - 27*h - 14. Let m(x) = -3*x**3 - 11*x**2 + 14*x + 8. Let r(w) = -4*b(w) - 7*m(w). Determine r(10).
0
Let a(s) be the first derivative of 1/3*s**3 - 2*s - 4*s**2 - 43. Give a(5).
-17
Let t = -59 - -89. Suppose x - t = 6*x. Let q be (3 - 9)*4/x. Let g(s) = -s + 4. Give g(q).
0
Let h(a) = 4*a**3 - 9*a**2 + 7*a - 3. Let u(l) = -l**3 + l**2 - 1. Let f(r) = -h(r) - 3*u(r). Suppose 34 - 14 = 4*z. Calculate f(z).
-4
Suppose 95 + 17 = 7*a. Suppose -t - 3*t = -a. Let p(m) = 4*m - 3. Determine p(t).
13
Let s(d) be the second derivative of -d**4/24 - 9*d**2/2 + 14*d. Let w(c) be the first derivative of s(c). Determine w(0).
0
Let r(p) = -p**3 - 17*p**2 - 29*p - 2. Let c be r(-15). Let g(z) = -z**2 - 18*z - 13. Give g(c).
4
Let l = 128 + 42. Let h = -172 + l. Let s(x) = -3*x**3 - 3*x**2 + 3*x + 5. Let c(j) = 4*j**3 + 4*j**2 - 3*j - 6. Let w(d) = 5*c(d) + 6*s(d). Calculate w(h).
-14
Let x(w) = 12*w + 18*w - 33*w + 10*w. Let m = 0 + 1. What is x(m)?
7
Suppose 5 = -28*q + 33*q. Suppose h - 8 = -3*h. Let z(t) = 1 + t + 6*t**h + 4 - t**3 - q. Determine z(6).
10
Let u(v) = v**2 - 5*v + 1. Let t be (1 - 4) + -6 + 23. Suppose z + z = t. Let x(r) = -r**3 + 7*r**2 + 2*r - 9. Let o be x(z). Calculate u(o).
1
Let t(l) be the third derivative of 0*l**4 + 2/3*l**3 + 11*l**2 + 1/20*l**5 - 1/120*l**6 + 0*l + 0. Give t(3).
4
Let m(q) be the first derivative of q**2/2 - 10*q - 71. Determine m(5).
-5
Suppose -13*b - 12 = -10*b. Let s(p) = -2*p + 10. Let k(w) be the first derivative of -3*w**2/2 + 11*w + 3. Let l(o) = -4*k(o) + 5*s(o). Calculate l(b).
-2
Let n(q) = -q**3 + 3*q**2 + 6*q - 2. Let o(j) = -j. Let l be o(-9). Let i = l - -16. Let u be (-6)/(-14) + i/7. Give n(u).
6
Suppose -4*d + 3*p - 6 = 7, -2*d - p = 9. Let x(b) = b**2. Let v(g) = -3*g**2 - 3*g. Let s(c) = d*x(c) - v(c). Calculate s(4).
-4
Suppose 2*l = -31 + 27. Let m be (18/(-24))/((-1)/(-4)). Let k(q) = q. Let w(y) = -y**2 + 5*y + 1. Let h(v) = m*k(v) + w(v). Give h(l).
-7
